rue
Does 3 divide 3689?
False
Is 20346 a multiple of 15?
False
Is 13 a factor of 4160?
True
Is 818 a multiple of 11?
False
Is 19682 a multiple of 26?
True
Is 7 a factor of 14914?
False
Does 20 divide 2446?
False
Is 13240 a multiple of 20?
True
Is 112049 a multiple of 329?
False
Is 52 a factor of 4732?
True
Does 99 divide 396?
True
Does 38 divide 886?
False
Is 229 a multiple of 17?
False
Is 1299 a multiple of 18?
False
Is 43806 a multiple of 98?
True
Is 9746 a multiple of 22?
True
Is 18 a factor of 810?
True
Is 55 a multiple of 34?
False
Does 53 divide 5459?
True
Is 15 a factor of 1515?
True
Is 5680 a multiple of 38?
False
Does 12 divide 4704?
True
Is 554 even?
True
Does 5 divide 7090?
True
Is 17265 a multiple of 36?
False
Is 922 a multiple of 6?
False
Is 41 a factor of 358?
False
Is 662 a multiple of 142?
False
Is 33 a factor of 7593?
False
Is 59388 a multiple of 14?
True
Does 61 divide 2606?
False
Is 80 a factor of 560?
True
Does 96 divide 13903?
False
Is 312 a multiple of 26?
True
Is 125 a factor of 7298?
False
Is 224 a multiple of 43?
False
Is 14 a factor of 308?
True
Does 27 divide 21997?
False
Is 2716 a multiple of 183?
False
Is 5889 a multiple of 55?
False
Is 1302 a multiple of 42?
True
Is 6 a factor of 1170?
True
Does 196 divide 34692?
True
Does 225 divide 36225?
True
Is 52 a factor of 194?
False
Is 17 a factor of 844?
False
Is 12 a factor of 3168?
True
Is 11826 a multiple of 18?
True
Is 53 even?
False
Does 101 divide 8625?
False
Is 1376 a multiple of 7?
False
Is 18 a factor of 61411?
False
Is 651 a multiple of 16?
False
Is 597 a multiple of 92?
False
Does 10 divide 770?
True
Is 126 a factor of 99314?
False
Is 5700 a multiple of 95?
True
Is 23 a factor of 9332?
False
Is 18931 a multiple of 11?
True
Does 2 divide 16634?
True
Is 693 a multiple of 9?
True
Is 97 even?
False
Is 8 a factor of 374?
False
Does 6 divide 240?
True
Does 29 divide 4640?
True
Is 196 a multiple of 11?
False
Is 18 a factor of 319?
False
Does 40 divide 6880?
True
Is 7619 a multiple of 14?
False
Is 15469 a multiple of 31?
True
Is 48 a factor of 7173?
False
Is 16568 a multiple of 38?
True
Is 23193 a multiple of 217?
False
Is 532 a multiple of 38?
True
Does 99 divide 198?
True
Is 159 a factor of 9690?
False
Is 6270 a multiple of 97?
False
Does 43 divide 6407?
True
Does 43 divide 523?
False
Does 35 divide 9275?
True
Is 680 a multiple of 72?
False
Does 21 divide 105?
True
Is 51 a factor of 14217?
False
Does 26 divide 962?
True
Does 56 divide 6328?
True
Does 52 divide 1697?
False
Is 270 a multiple of 18?
True
Does 381 divide 62145?
False
Is 516 a multiple of 86?
True
Is 15 a factor of 1425?
True
Does 13 divide 286?
True
Does 31 divide 244?
False
Is 12 a factor of 21863?
False
Is 96 a factor of 2041?
False
Does 34 divide 1088?
True
Does 6 divide 1626?
True
Is 2170 a multiple of 79?
False
Does 12 divide 9145?
False
Does 23 divide 3059?
True
Does 19 divide 190?
True
Is 39 a factor of 78?
True
Is 27 a factor of 223?
False
Is 21 a factor of 932?
False
Does 13 divide 22607?
True
Is 484 a multiple of 11?
True
Is 95 a factor of 855?
True
Is 456 a multiple of 57?
True
Is 23 a factor of 4657?
False
Does 2 divide 2800?
True
Does 6 divide 942?
True
Is 116 a factor of 18827?
False
Does 12 divide 6120?
True
Is 9 a factor of 387?
True
Is 4 a factor of 4804?
True
Does 135 divide 12322?
False
Does 15 divide 4428?
False
Is 12 a factor of 8590?
False
Does 45 divide 63135?
True
Is 9795 a multiple of 15?
True
Is 22 a factor of 44637?
False
Is 108 a factor of 15741?
False
Is 27 a factor of 189?
True
Is 20 a factor of 440?
True
Is 29 a factor of 726?
False
Is 49 a factor of 29351?
True
Does 86 divide 1892?
True
Is 14 a multiple of 9?
False
Does 10 divide 1330?
True
Is 17 a factor of 1979?
False
Is 7 a factor of 502?
False
Is 13 a factor of 4758?
True
Is 1505 a multiple of 35?
True
Is 16 a factor of 5546?
False
Does 55 divide 2099?
False
Is 6924 a multiple of 43?
False
Is 539 a multiple of 50?
False
Is 2543 a multiple of 20?
False
Is 72 a multiple of 3?
True
Is 1724 a multiple of 33?
False
Is 52480 a multiple of 160?
True
Is 2232 a multiple of 62?
True
Is 4304 a multiple of 8?
True
Is 532 a multiple of 19?
True
Does 25 divide 1432?
False
Is 25520 a multiple of 116?
True
Is 4664 a multiple of 212?
True
Is 3 a factor of 767?
False
Is 32390 a multiple of 79?
True
Does 81 divide 4536?
True
Is 4788 a multiple of 28?
True
Does 38 divide 304?
True
Does 22 divide 1937?
False
Does 5 divide 170?
True
Does 60 divide 2820?
True
Is 34 even?
True
Is 8704 a multiple of 136?
True
Is 16 a factor of 1248?
True
Is 8825 a multiple of 156?
False
Does 27 divide 127?
False
Does 17 divide 6290?
True
Does 10 divide 18971?
False
Does 17 divide 459?
True
Is 87 a factor of 28449?
True
Is 6165 a multiple of 57?
False
Is 18 a factor of 85?
False
Is 42 a factor of 3444?
True
Is 174 a multiple of 6?
True
Is 4828 a multiple of 100?
False
Is 17 a factor of 544?
True
Is 9296 a multiple of 28?
True
Is 6 a factor of 546?
True
Is 86 a factor of 21903?
False
Is 17 a factor of 3043?
True
Does 4 divide 92?
True
Does 21 divide 1302?
True
Is 5952 a multiple of 62?
True
Is 2048 a multiple of 32?
True
Is 21 a factor of 1449?
True
Is 4 a factor of 2245?
False
Is 85 a factor of 595?
True
Is 3 a factor of 5811?
True
Is 17 a factor of 2909?
False
Is 11 a factor of 1441?
True
Does 45 divide 1992?
False
Is 3019 a multiple of 7?
False
Does 3 divide 30003?
True
Is 18 a factor of 6276?
False
Is 17 a factor of 3240?
False
Does 16 divide 2816?
True
Is 16 a factor of 836?
False
Does 46 divide 598?
True
Does 4 divide 8298?
False
Is 208 a multiple of 4?
True
Does 2 divide 894?
True
Is 20526 a multiple of 11?
True
Does 49 divide 147?
True
Is 3228 a multiple of 62?
False
Is 2121 a multiple of 21?
True
Is 93 a factor of 81483?
False
Is 3 a factor of 3788?
False
Is 7 a factor of 105?
True
Does 5 divide 221?
False
Does 28 divide 147896?
True
Is 25 a factor of 525?
True
Is 1119 a multiple of 20?
False
Does 4 divide 164?
True
Does 9 divide 54?
True
Does 9 divide 22622?
False
Does 6 divide 49?
False
Does 20 divide 44467?
False
Does 4 divide 1390?
False
Does 26 divide 1930?
False
Is 59 a factor of 1219?
False
Is 7365 a multiple of 170?
False
Does 7 divide 1635?
False
Is 17 a factor of 255?
True
Is 2387 a multiple of 11?
True
Is 3 a factor of 545?
False
Is 5 a factor of 235?
True
Is 3 a factor of 26?
False
Does 5 divide 3788?
False
Does 11 divide 13673?
True
Is 66 a factor of 3610?
False
Is 2124 a multiple of 9?
True
Is 5 a factor of 114?
False
Is 50 a factor of 1666?
False
Is 86 a factor of 998?
False
Is 16 a factor of 1424?
True
Is 15 a factor of 4009?
False
Is 5982 a multiple of 4?
False
Does 23 divide 1449?
True
Is 8436 a multiple of 64?
False
Is 28 a factor of 21476?
True
Is 5 a factor of 317?
False
Is 141 a multiple of 22?
False
Does 7 divide 12?
False
Does 18 divide 5868?
True
Does 12 divide 33984?
True
Is 4 a factor of 167?
False
Is 5 a factor of 965?
True
Is 8036 a multiple of 8?
False
Is 49 a factor of 147?
True
Is 714 a multiple of 34?
True
Does 17 divide 8687?
True
Is 1499 a multiple of 23?
False
Does 19 divide 3249?
True
Is 740 a multiple of 10?
True
Does 199 divide 32437?
True
Is 2432 a multiple of 24?
False
Is 121 a factor of 7744?
True
Is 4565 a multiple of 9?
False
Is 698 a multiple of 8?
False
Does 35 divide 238?
False
Does 7 divide 490?
True
Is 19 a factor of 14937?
False
Is 9 a factor of 516?
False
Is 10 a factor of 43360?
True
Does 5 divide 811?
False
Does 99 divide 2871?
True
Does 127 divide 31697?
False
Is 2352 a multiple of 16?
True
Is 55 a factor of 196?
False
Does 77 divide 2541?
True
Does 32 divide 55525?
False
Is 4 a factor of 19?
False
Does 13 divide 1105?
True
Is 8178 a multiple of 87?
True
Does 55 divide 13181?
False
Is 11 a factor of 6193?
True
Does 5 divide 1505?
True
Is 82 a factor of 1935?
False
Is 11 a factor of 15056?
False
Is 99 a factor of 101376?
True
Is 2764 a multiple of 4?
True
Does 23 divide 155713?
False
Is 11520 a multiple of 40?
True
Is 616 a multiple of 5?
False
Is 4668 a multiple of 12?
True
Is 22 a factor of 58344?
True
Is 639 a multiple of 16?
False
Does 11 divide 3608?
True
Is 15 a factor of 31110?
True
Does 3 divide 44?
False
Does 9 divide 1161?
True
Does 13 divide 19002?
False
Is 68076 a multiple of 183?
Tru